 3*z**3/2 + 20*z**2. Calculate x(-6).
9
Let b(l) = 6*l**2 + 47 - 54 - l**2 + 6*l - 4*l**2. Give b(-7).
0
Suppose -4*i - 15 = -i. Let p(c) = -c**3 - 5*c**2. Determine p(i).
0
Let a(o) = o**2 + o + 2. Let q = 11 - 13. What is a(q)?
4
Suppose 0*x + 6 = 3*x. Let w(u) = u - u**2 - x*u + 1 - 4*u. Let q = -3 - 2. Give w(q).
1
Let d(m) = -m**2 - m. Let a be 4 + -4 + (-4 - -5). Calculate d(a).
-2
Suppose 0 = -5*h + 5 + 25. Let i = h - 7. Let d(f) = -10*f**2 + 2 + 1 - 2. Calculate d(i).
-9
Suppose 5*l + 55 = -5*q, 5*l = l - 5*q - 48. Let p(b) = -b**2 - 8*b + 3. What is p(l)?
10
Let r(a) be the third derivative of 1/3*a**3 + 1/24*a**4 - 2*a**2 + 0*a + 0. Give r(-6).
-4
Let z(q) = -q**3 + q**2. Let v be (-1)/4 + 9/4. Suppose -2*k + h = -4, v*h = -4*k - 0*h + 16. Suppose 2 = 5*y - k. What is z(y)?
0
Let h be 4/(-14) - 37/(-7). Let o be (-3)/(-15) + 14/5. Suppose 6 + 23 = h*u + o*v, 2*v = -u + 10. Let l(w) = -w**3 + 4*w**2 + 3. Determine l(u).
3
Suppose -1496 = o - 1498. Let f(q) = -3*q**2 + 4*q**3 + q + 0*q**3 - 2*q**3. Calculate f(o).
6
Let n(i) be the second derivative of i**4/12 + i**3 - i**2 + i. Let w(b) = b + 5. Let j be w(-10). Give n(j).
-7
Let g(n) = -7*n + 9*n - 4 - 3*n. Calculate g(-6).
2
Let o(g) = g**2 + 2*g - 3. Let l = -100 - -96. Calculate o(l).
5
Suppose 0 = 2*x + 2. Let l(u) be the first derivative of 7*u**4/4 + 2*u**3/3 + u**2 + u - 15. What is l(x)?
-6
Let j(d) = -13*d**2 + d + 16. Let y(r) = 4*r**2 - 5. Let a(t) = -2*j(t) - 7*y(t). Determine a(3).
-21
Let c(n) = 6*n**2 + 3*n + 4. Let w be c(-2). Suppose 2*v - 4*f = 4*v - w, 0 = -v - 4*f + 19. Let d(k) = -2*k + 3. Calculate d(v).
-3
Let x(t) = 2*t**2 + 4*t - 4. Suppose -2*q - 16 = 2*q. Determine x(q).
12
Let t(q) = -q**3 - q**2 - 3. Let d(i) = -4*i**3 - 6*i**2 - 16. Let w = 7 + 4. Let u(k) = w*t(k) - 2*d(k). What is u(1)?
-3
Let v(y) = y**2 - 5*y - 5. Suppose 16 = -4*k - 24. Let g be (-4)/k + (-92)/(-20). Let z be (-15)/g + 8 + 1. What is v(z)?
1
Let l(h) = -2*h**3 + 4*h - 1 + 4*h**2 + 2*h**3 + h**3 + 3*h**2. Calculate l(-6).
11
Suppose -4*i = -a - 2*a - 15, 0 = i + a - 2. Suppose 0 = i*w + 2*w - 10. Let l(j) = -j**3 + 2*j**2 + j + 1. Calculate l(w).
3
Let s(p) = -7 + 2*p + 5 + 8. Determine s(-5).
-4
Suppose -8 = 2*k + 2. Let l(v) = -v**2 - 6*v - 6. Give l(k).
-1
Let b(v) be the first derivative of -v**2/2 - 10*v - 3. Calculate b(0).
-10
Let j(z) = -z**2 + 4*z - 1. Let r(y) = -6*y**3 - 2*y**2 + 1. Let i be r(-1). Determine j(i).
-6
Let l(u) = u**3 + 15*u**2 - 14*u + 32. Let g be l(-16). Let w(x) = -x**2 + x. What is w(g)?
0
Let f(r) = -11*r**2 + 0*r**2 - 8 + 10*r**2 - 7*r. Determine f(-6).
-2
Let y(u) = -1. Let m(h) = -h - 2. Let o(p) = 2*m(p) - 4*y(p). Suppose 0 = -4*q + 2*q - 6. Determine o(q).
6
Let t(b) = b**3 - 4*b**2 - 4*b - 1. Let c = 2 + -4. Let d = -1 - c. Suppose 2*z - 11 = -d. Calculate t(z).
4
Let a = 4 - 3. Let z(w) = 4*w - 3*w + a + 3*w - 3*w. Calculate z(3).
4
Let f be 4/8 - (-45)/(-10). Let a(n) = -n**3 - 5*n**2 - 6*n - 1. Give a(f).
7
Suppose 3*p + p = -k - 14, 5*p + 34 = -4*k. Let s = k + 4. Let t(v) = -v - 2. Calculate t(s).
0
Let x = -8 - -14. Suppose c = -3*i + 8, 5*c + 2*i - 12 = i. Let m(y) = 0*y - y + c + 5. Determine m(x).
1
Let o(l) be the first derivative of l**5/20 + 5*l**4/12 - l**3/6 - l**2 + 2*l + 2. Let c(y) be the first derivative of o(y). Let f = 3 - 8. Determine c(f).
3
Suppose -j = -4*j - 9, -3*j = 2*o + 9. Let u(w) = 2 + o*w - 3 - w + 2. What is u(1)?
0
Let r(x) = x**3 + 5*x**2 + 5. Let n = -9 - -9. Let g = n - 5. What is r(g)?
5
Let l(z) = -12*z**2 - 8*z - 3. Let o(c) = 10*c**2 + 8*c + 3. Let t(d) = -4*l(d) - 5*o(d). Determine t(-6).
-27
Let n(g) be the first derivative of -g**7/840 - g**6/180 - g**5/60 - g**4/8 - 2*g**3/3 - 3. Let b(r) be the third derivative of n(r). Determine b(-2).
1
Let j(b) = -25*b - 4 + 1 + 24*b. Give j(3).
-6
Let u(h) be the second derivative of -h**4/12 + 5*h**3/6 - h**2 + 6*h. What is u(3)?
4
Let z(t) = -t**3 - 10*t**2 - t - 4. Let h(j) = -j**2 - j + 2. Let n be h(-4). What is z(n)?
6
Suppose -2*h - 3*h = -40. Let i(l) = h + 0 - l - 2. Calculate i(0).
6
Let i(a) = -a**3 - 6*a**2 + 4. Let x be i(-6). Let c(g) = 7*g**2 - 2*g**2 - x*g**3 + 3*g**3 - 2*g. Let z be 2/(-4)*-4 + 2. What is c(z)?
8
Let p(o) = -o**2 + o. Let l(x) = x**3 - x**2 + x - 1. Let y be l(2). Let r be ((-2)/y + 0)*5. Determine p(r).
-6
Let x(c) = c - 4. Let j(n) = -2*n - 3. Let l be j(-4). Determine x(l).
1
Let b be 6/(-4)*20/(-6). Let j(i) = i**2 - 4*i**2 + i**2 + i**3 - b - 4*i - i**2. Give j(4).
-5
Let z be (-1 + -2)/(-1)*1. Let s(n) = -1 + n + 2 + 3 - z - n**2. Suppose -6 + 2 = -2*o. Give s(o).
-1
Suppose -q + 7 = 6. Let y be 0 + 4 + 0 + q. Let r(x) = x**3 - 6*x**2 + 7*x - 2. What is r(y)?
8
Let m(a) = 2*a**2 - 4*a - 1. Let r = -29 - -32. Determine m(r).
5
Let j be (4 + -5)/(-1) + 2. Let b be (-6 - j) + 0 + 3. Let c(a) = -a**2 - 7*a + 1. Give c(b).
7
Let h(d) be the first derivative of d**3/3 + 4*d**2 + 3*d + 1. Calculate h(-8).
3
Let o(n) = n + 9. Let v be o(-3). Suppose 0 = 2*a - 0*d + d - 14, 4*d = -2*a + 26. Let q(m) = m + m**2 - a*m - m - 8. What is q(v)?
-2
Let f(l) = -l**2 - 2*l + 1. Let w(m) = -1. Let t(a) = -a + 9. Let y be t(8). Let b(n) = y*f(n) - 5*w(n). Determine b(-5).
-9
Suppose -2*d + 1 = -h, 0 = 5*h + 4*d - 63 + 12. Suppose -h = -2*l + 1. Let a(y) = y + 1. Let n(b) = 8*b + 3. Let o(j) = 6*a(j) - n(j). What is o(l)?
-5
Let s(w) be the third derivative of -w**4/12 + w**3/3 - 7*w**2. Determine s(4).
-6
Let g be -4*-1*(0 - -1). Let f be g/6 + 22/(-6). Let j(i) = 6*i**2 - 3*i + 6. Let p(b) = -7*b**2 + 4*b - 7. Let o(w) = 6*j(w) + 5*p(w). Give o(f).
4
Let k(a) = a**2 + 9*a + 9. Let t be k(-6). Let p be (-8)/(-6)*t/(-2). Let j(h) = -h**2 + 6*h - 9. What is j(p)?
-9
Suppose -4*k + 2*c = 24, 5*c + 4 - 12 = -3*k. Let q(s) = s**2 + 4*s - 4. Determine q(k).
-4
Let q(g) = 3*g**2 + g. Let c(d) = -d**2. Let y(i) = 8*c(i) + 3*q(i). Give y(-5).
10
Let q(g) = -g**3 - 2*g**2 + 2. Let u = -2 + 14. Suppose l + 4*m = -2 - u, -l + 4*m = -10. What is q(l)?
2
Let c(b) be the third derivative of -b**5/30 - b**4/24 + b**3/6 + b**2. Suppose -a - l = 2, 0 = a - 5*l - 1 + 3. Calculate c(a).
-5
Let f(r) = -r**3 - 11*r**2 + r + 6. Let z be f(-11). Let v(h) = -h**2 - 6*h - 6. Give v(z).
-1
Let h(o) = 7*o**3 + 6*o**2 + o - 3. Let b = -22 - -15. Let g(r) = -8*r**3 + 4 + 3*r - 6*r**2 - 5*r + r. Let s(t) = b*h(t) - 6*g(t). Determine s(-6).
3
Let o(n) = -n**3 + 5*n**2 + 8*n - 8. Suppose 2*k + 24 = 6*k. What is o(k)?
4
Let z(q) be the second derivative of q**5/20 - q**4/3 + 2*q**3/3 - 3*q**2/2 + q. Calculate z(4).
13
Let p(d) = -d**3 + d + 1. Let i(b) = -6*b - 4 + 0*b**2 - 1 + 2*b**3 + 1 + 3*b**2. Let h(f) = -i(f) - 4*p(f). Give h(2).
8
Let n(i) = i - 9*i - 2 + 5*i + 8*i. Calculate n(2).
8
Let g be 1/5*15/2*-2. Let q(b) = -b**2 + 1. Let p(l) = -2*l**2 + 2. Let w(t) = p(t) - q(t). Determine w(g).
-8
Let m(t) be the second derivative of t**8/6720 + t**7/504 + t**6/720 + t**4/12 + t. Let r(h) be the third derivative of m(h). Let v = -12 - -7. Give r(v).
-5
Let d(b) be the third derivative of b**6/120 + b**5/10 - 5*b**4/12 - b**3 + 13*b**2. Give d(-7).
15
Let n(m) = -m**2 - 3*m + 5. Let a = 14 + -18. Determine n(a).
1
Let r(w) = -w**2 - w + 2. Let n(j) = -j + 3. Let a be n(-5). Let q = -5 + a. Suppose -4*v + q*v - 3*d - 4 = 0, 2*v = 4*d + 12. Give r(v).
-4
Let a be 1 + 2/(-1 - 1). Suppose o - 4 = -a*o. Suppose -3*f - 2*x = -12, 0 = -0*f - f - 4*x + o. Let l(c) = c - 4. Give l(f).
0
Let g(i) = 2*i - 174 + 356 - 183. Calculate g(-1).
-3
Let m = -6 + 7. Let b(p) = -p**3 - p**2 + p. What is b(m)?
-1
Suppose 7 + 2 = -3*d, 2*i - 4*d = 20. Suppose a + 4 = -3*t - 8, -t - 2*a = i. Let s(h) = 6*h + 1. Let r(y) = -7*y. Let f(u) = 3*r(u) + 4*s(u). Determine f(t).
-8
Suppose -28*d - 10 = -33*d. Let t(w) = w - 2. What is t(d)?
0
Let o be ((-4)/10)/((-2)/20). Let s = -1 + o. Let k(a) = -a - 4*a + 0*a - s. Determine k(-2).
7
Let a(d) = -d**2 + 5*d + 3. Let l(t) = -t**2 + 4*t + 2. Let r(q) = -3*a(q) + 2*l(q). What is r(7)?
-5
Let d(y) = y**3 - 22*y**2 + 4 - y + 17*y**2 + 4*y. What is d(3)?
-5
Let i(m) = m**3 + 5*m**2 - 2*m - 5. Suppose -2*d = 4*y + 22, -1 - 1 = 2*d - y. Let h = 1 - d. Suppose 4*u + 16 = a, u - h*u - 19 = a. Determine i(u).
5
Suppose 0*h = h - 3. Suppose -25 = -4*f - c, c = h